4 and 3682.
14
What is the greatest common factor of 783 and 6471?
9
Calculate the highest common divisor of 1436528 and 128.
16
Calculate the greatest common divisor of 62 and 5855249.
31
Calculate the highest common divisor of 2256 and 141423.
141
What is the greatest common divisor of 56 and 231224?
56
What is the greatest common factor of 107565 and 6?
3
What is the highest common factor of 530 and 1200?
10
What is the highest common divisor of 33 and 901703?
11
Calculate the highest common factor of 6876 and 2532.
12
What is the greatest common divisor of 28 and 7?
7
What is the highest common divisor of 7431 and 9?
3
Calculate the greatest common factor of 1407029 and 39.
13
Calculate the greatest common divisor of 61 and 506117.
61
What is the highest common divisor of 108 and 43?
1
Calculate the greatest common divisor of 111 and 3711248.
37
What is the greatest common factor of 3564 and 90558?
162
Calculate the highest common divisor of 152 and 568.
8
What is the highest common divisor of 159510 and 780?
390
What is the greatest common factor of 87 and 13167189?
87
What is the highest common factor of 25284 and 12684?
84
What is the greatest common divisor of 5460395 and 895?
895
What is the greatest common divisor of 350574 and 51?
51
What is the highest common divisor of 631881 and 538?
269
What is the highest common factor of 6915 and 4905?
15
What is the highest common divisor of 40896 and 101104?
1136
What is the greatest common divisor of 627 and 535227?
33
Calculate the highest common factor of 10 and 214810.
10
Calculate the highest common divisor of 63 and 66735.
9
What is the highest common divisor of 708 and 1512?
12
Calculate the highest common divisor of 118 and 99238.
118
Calculate the greatest common divisor of 3276888 and 24.
24
Calculate the greatest common divisor of 5366651 and 139.
139
What is the greatest common factor of 28139 and 76?
19
What is the greatest common divisor of 104434 and 88?
22
What is the greatest common factor of 453422 and 46?
46
What is the highest common divisor of 825671 and 154?
77
Calculate the greatest common factor of 373558 and 68.
34
What is the greatest common factor of 310 and 26810?
10
Calculate the highest common factor of 1349 and 475.
19
What is the greatest common divisor of 12 and 918156?
12
Calculate the highest common divisor of 197577 and 522.
261
Calculate the highest common divisor of 2070 and 237360.
690
What is the greatest common factor of 26640 and 6?
6
Calculate the highest common divisor of 1104 and 321.
3
Calculate the highest common divisor of 5402 and 1406.
74
What is the highest common divisor of 85471 and 9652?
127
What is the highest common factor of 3230 and 1041998?
646
Calculate the greatest common factor of 2430 and 10130.
10
What is the highest common divisor of 806197 and 98?
49
Calculate the greatest common factor of 20828 and 635.
127
What is the highest common divisor of 13 and 38519?
13
What is the highest common divisor of 97950 and 15?
15
Calculate the highest common factor of 1375 and 1225.
25
What is the greatest common factor of 87939 and 27?
27
What is the highest common factor of 13 and 422682?
13
Calculate the greatest common factor of 65824 and 16.
16
Calculate the highest common divisor of 61035 and 135.
15
What is the highest common divisor of 1472 and 3904?
64
Calculate the highest common factor of 52002 and 214.
214
Calculate the highest common factor of 80 and 49744.
16
Calculate the highest common factor of 887176 and 688.
344
What is the greatest common divisor of 267 and 36223?
89
Calculate the greatest common divisor of 27223724 and 2266.
2266
What is the greatest common divisor of 5547 and 19092?
129
Calculate the greatest common divisor of 32368 and 306.
34
What is the greatest common divisor of 353082 and 1743?
249
What is the greatest common factor of 143011 and 1056?
11
What is the greatest common divisor of 252 and 97164?
36
Calculate the highest common divisor of 7278 and 120.
6
What is the greatest common divisor of 1500 and 801500?
500
What is the greatest common divisor of 191148 and 51?
51
What is the highest common divisor of 3277 and 116?
29
What is the greatest common factor of 992123 and 5358?
893
What is the highest common factor of 39015 and 55199?
289
Calculate the greatest common factor of 7644 and 19383.
273
What is the greatest common divisor of 465 and 103571?
31
Calculate the highest common divisor of 13804 and 518.
14
Calculate the greatest common factor of 728 and 48594.
182
What is the highest common divisor of 11646313 and 58?
29
Calculate the highest common factor of 129536 and 53636.
1012
Calculate the greatest common factor of 14912 and 3029.
233
What is the greatest common factor of 18477 and 4?
1
What is the highest common divisor of 211230 and 470?
10
What is the highest common divisor of 123466 and 525?
7
What is the highest common factor of 3375 and 6885?
135
What is the greatest common factor of 48308 and 52?
52
What is the greatest common divisor of 34411 and 832?
13
What is the greatest common factor of 4030 and 710?
10
Calculate the highest common divisor of 139695 and 1390.
695
What is the greatest common divisor of 60552 and 216?
72
Calculate the highest common divisor of 7857 and 891.
81
What is the greatest common divisor of 140536 and 24?
8
What is the highest common factor of 19651 and 17366?
457
What is the highest common factor of 30500 and 3500?
500
Calculate the greatest common divisor of 20241559 and 13.
13
Calculate the highest common divisor of 6516 and 1164.
12
What is the highest common factor of 635664 and 68?
68
What is the highest common divisor of 10692 and 37488?
132
Calculate the highest common factor of 2135211 and 318.
159
Calculate the highest common factor of 11580 and 4.
4
Calculate the highest common divisor of 77 and 49.
7
Calculate the highest common divisor of 1005 and 801655.
335
Calculate the greatest common divisor of 102927 and 352.
11
Calculate the greatest common factor of 32 and 3736.
8
What is the greatest common factor of 1 and 879728?
1
What is the greatest common factor of 1451121 and 2709?
903
Calculate the highest common divisor of 198 and 6408.
18
What is the greatest common divisor of 106 and 116388?
106
What is the greatest common divisor of 162 and 121284?
54
What is the greatest common divisor of 8 and 66268?
4
Calculate the greatest common factor of 288 and 5949.
9
Calculate the highest common divisor of 646 and 3536.
34
What is the greatest common divisor of 19388 and 3700?
148
Calculate the highest common divisor of 1176 and 17297.
49
Calculate the greatest common factor of 1728440 and 220.
20
Calculate the greatest common factor of 63 and 25713.
9
What is the greatest common divisor of 18 and 26439?
3
Calculate the greatest common divisor of 2657368 and 784.
392
Calculate the highest common factor of 78503 and 319.
29
Calculate the highest common divisor of 212 and 20087.
53
Calculate the greatest common factor of 200878 and 4888.
94
Calculate the highest common divisor of 1568 and 1865024.
224
Calculate the highest common divisor of 1020951 and 63.
9
What is the greatest common divisor of 177 and 80535?
177
What is the greatest common factor of 900 and 802350?
450
Calculate the highest common factor of 6390 and 318222.
1278
What is the greatest common factor of 51908 and 96986?
1366
Calculate the greatest common divisor of 379051 and 89.
89
Calculate the highest common divisor of 241315 and 68.
17
Calculate the highest common divisor of 183471 and 207.
69
What is the greatest common divisor of 68263 and 767?
767
Calculate the greatest common factor of 20958 and 21.
21
Calculate the greatest common factor of 50 and 104450.
50
Calculate the highest common factor of 226 and 3234.
2
What is the highest common factor of 117312 and 2820?
564
Calculate the highest common factor of 238 and 3992450.
238
Calculate the greatest common divisor of 4035 and 27135.
15
Calculate the highest common divisor of 1670 and 42418.
334
Calculate the greatest common divisor of 1359649 and 107.
107
Calculate the highest common factor of 1704 and 4272.
24
Calculate the greatest common factor of 251367 and 46.
23
Calculate the greatest common factor of 858 and 95160